 Let j(g) = -28*g**2. Calculate j(c).
-28
Let u be (-4)/3*(-48)/64. Let b(k) = u - 4*k + 2*k**3 + 0*k**3 + 0*k**2 + 2*k**2 - k**3. Determine b(-4).
-15
Let i(m) = 3*m - 123*m**2 + 2*m + 125*m**2 + 1. What is i(-4)?
13
Let h(l) be the third derivative of -l**4/8 - 11*l**3/6 + 752*l**2. Give h(14).
-53
Let i be (9*3/18)/(3/6). Let o(h) = -3*h + 5*h - 3*h**2 - h + 6*h**3 - 5*h**i + 3. Calculate o(3).
6
Let t(v) = v**3 + 9*v**2 - v - 6. Let d(l) = l**3 + 8*l**2 - 2*l - 6. Let i(x) = -5*d(x) + 4*t(x). Calculate i(-5).
1
Let r(h) = 18*h - 19*h + 8*h**2 - 3*h**2 + 1. Let p be r(1). Let j(s) = p*s - 9*s - 1 - 2*s - s**2. Give j(-4).
7
Let u(l) = 46*l**2 + 2*l**3 - 32*l**2 + 21 - l**3 - 14*l - 6. Determine u(-15).
0
Suppose -3*y + 11 = a - 5, -4*a - 55 = -5*y. Let k(j) = 3*j + 6*j + j - 2 - y*j. Calculate k(-3).
-11
Let i(x) = x**2 - 14*x. Let w = -386 + 402. Determine i(w).
32
Let b = 56 + -48. Let j(k) = 8 - b + k + 1 - k**2. Give j(-2).
-5
Let v(w) = 5*w. Let q(c) = -19*c + 3. Let s(l) = 37*l - 5. Let t(a) = -5*q(a) - 3*s(a). Let x(n) = -2*t(n) - 7*v(n). Calculate x(-1).
3
Suppose 2*v = -2*q + 22 + 60, v = 2*q + 56. Let z = 41 - v. Let x(r) = -r**3 - 5*r**2 + 5. Give x(z).
5
Let g(t) = -4*t + 7. Let w(b) = 81 + 83 - 21*b - 129. Let o(n) = 11*g(n) - 2*w(n). Give o(6).
-5
Suppose 0 = -4*y - y. Let f(h) = -h - 4 + y*h - 5. Let d be (24 - 27)*(-8)/(-6). What is f(d)?
-5
Let l = 16 + -16. Let k(f) = f + 7. Let x be k(-5). Let g(i) = 2*i**2 + 1 - 3*i**x + 18*i - 17*i + i**3. Determine g(l).
1
Suppose 267 = -3*p + 87. Let k = -68 - p. Let d(m) = m**2 + 8*m + 3. Determine d(k).
3
Let u(w) = 11*w**2 - 1. Let x be (-6)/(-21) + 63/(-49). Calculate u(x).
10
Let v(n) = -n + 24. Let u be v(11). Let p(y) = 0*y + 2*y + 3 - 13 + 3*y**2 + u. What is p(-2)?
11
Suppose 0 = 4*y + y - 25. Let w(u) = -u**2 - 4*u + 2. Let r be w(-4). Let j(d) = -2*d + r*d + 3*d - d. Give j(y).
10
Let r(m) = m**2 - 1. Suppose -2 - 34 = -6*k. Suppose 3*w + 15 = k. Calculate r(w).
8
Let w(i) = 1199*i**2 + 0*i - i**3 - 4*i - 1205*i**2. Determine w(-5).
-5
Let r(u) = 3*u + 9. Suppose -5*w + 2 + 3 = -5*b, -33 = 3*b + 3*w. What is r(b)?
-9
Let u = -17 + 22. Let f(b) = -u*b**2 + b - 4 + 9*b**2 - 5*b**2. Let w be ((-6)/(-8))/(2/8). Give f(w).
-10
Let v(z) = z - 3. Suppose 12 = -6*c + 102. Let a = -10 + c. What is v(a)?
2
Let c(n) = -n**2 + n + 9. Let j(v) = 21*v + 88. Let a be j(-4). Give c(a).
-3
Let d be -4 + (-2)/(-3)*9. Let m be (4 + d)/(2 + 1). Let y(k) = k**3 - 2*k - 1. Determine y(m).
3
Let g(d) be the second derivative of 10*d**3/3 - 254*d - 1. Determine g(-2).
-40
Let h(l) be the third derivative of l**6/120 + 2*l**5/15 + l**4/3 + 4*l**3/3 - 405*l**2. Calculate h(-7).
1
Let q be -5 - (4 + 16)/5. Let r(c) = c + 17. Let n(j) = -j - 17. Let x(o) = 3*n(o) + 2*r(o). Determine x(q).
-8
Let b(m) be the third derivative of -1/30*m**5 + 0*m - 4*m**2 + 1/12*m**4 + 0 + 1/6*m**3. Give b(-1).
-3
Let b be ((-11)/(77/(-20)))/(8/(-28)). Let g(z) = z**2 + 9*z - 11. What is g(b)?
-1
Let j(s) be the first derivative of -s**2/2 + 4*s - 27. Determine j(-3).
7
Let a(g) = g**3 - 10*g**2 + 6. Suppose 29*i = 30*i - 10. Calculate a(i).
6
Let s(w) be the third derivative of -w**4/24 - 19*w**3/6 - 27*w**2. Suppose 0 = 4*n - 0*n. What is s(n)?
-19
Let y(i) = i**3 + 6*i**2 + i + 12. Let a be y(-6). Let w(k) = 0 + 12 + a*k - 2 - 7. Give w(-2).
-9
Let r(i) = -i + 4. Let m(n) = -10*n - 280. Let j be m(-27). What is r(j)?
14
Let x(q) = q**2 + 2*q + 2. Suppose 5*c - 6 = 2*n, -11 = 5*n + 2*c + 4. Let v be -2 - n*(-5)/15. Give x(v).
5
Let t = 1189 + -1186. Let o(r) = r**3 - 4*r**2 + 6*r - 1. Calculate o(t).
8
Suppose -3*z = 12*z + 90. Let k(l) = l**3 + 6*l**2 + l - 1. Give k(z).
-7
Suppose 4*u - 2 + 2 = 0. Suppose 4*g - 25 - 19 = 3*v, 0 = 5*g + v - 36. Suppose u = -2*y + q + 6, 0*y - 4*y + 3*q = -g. Let f(l) = l**2 - 7*l. Give f(y).
-10
Let i(p) = -4*p**2 - 7*p + 9. Let j(k) = 4*k**2 + 8*k - 10. Let q(a) = -7*i(a) - 6*j(a). Give q(3).
36
Let b be (8/480)/((-6)/(-15)). Let v(x) be the third derivative of -b*x**4 - 11/60*x**5 + 0 - 1/6*x**3 + 0*x - 5*x**2. Determine v(-1).
-11
Let h(s) = s - 8. Let u be h(5). Let r be 9*(-2)/(-3) + 4. Let p(d) = d**2 - 13 + 5*d - 5*d + r. What is p(u)?
6
Let t(b) = 4*b - 16. Let j(v) = -7*v + 16. Let m(y) = 2*j(y) + 3*t(y). Determine m(-6).
-4
Let t(s) = s**2 + 24*s - 379. Let q be t(11). Let x(z) = -2*z**2 + 6*z - 1. What is x(q)?
-37
Let k(n) be the first derivative of n**3/3 + n**2 - 2*n - 5. Suppose -90*y = -85*y + 15. Calculate k(y).
1
Let i(d) = 39*d**2 - 3*d + 40*d**2 + 5*d - 63*d**2 + 2 + 0. Give i(-1).
16
Let b = 671 + -673. Let h(v) = 2*v - 1. Calculate h(b).
-5
Let g = 14 + -16. Let s(i) = 3*i**3 + 2*i**2 - 2*i + 4. Let a(w) = -15*w**3 - 10*w**2 + 11*w - 21. Let o(t) = -2*a(t) - 11*s(t). What is o(g)?
14
Let h(k) = k**2 + 9*k + 19. Let j be h(-7). Let a(b) = 2*b**2 - 5*b + 3. What is a(j)?
28
Let w(g) = 5*g**2 - 40*g + 4. Let d(l) = -l**2 + 10*l - 1. Let y(s) = -9*d(s) - 2*w(s). Calculate y(-7).
22
Let b(t) = -t - 4. Suppose 2*h + 5 = -19. Let z be (1 - 1)/(-9*4/h). Give b(z).
-4
Let p be 6/(-33) - ((-369)/(-33))/(-1). Suppose 0 = -4*z - 13 - p. Let h(g) = g**3 + 7*g**2 + 6*g + 7. Give h(z).
7
Suppose -10*k = -24 + 4. Suppose -12 = -5*i + 23. Let b(n) = k + 5 - 8*n - i. What is b(-1)?
8
Let s(b) = -11*b**2 + 11*b + 4. Let u(i) = -i**3 + i**2 + i + 2. Let q(w) = s(w) + u(w). Determine q(-11).
-5
Let i(x) = -x**2 - 1. Let r = -604 + 605. What is i(r)?
-2
Let b(f) = 10*f + 73. Let n(x) = 7*x + 69. Let c(a) = 4*b(a) - 5*n(a). What is c(11)?
2
Let t(h) = -342*h - 1034. Let q be t(-3). Let x(w) = 9*w**2 + w**3 - w + 2 + 3*w - w**2. Determine x(q).
-14
Let j(d) be the first derivative of d**3/3 - 2*d**2 - d - 199. Let p(c) = -c**3 - c**2 + 3*c - 3. Let o be p(-3). What is j(o)?
11
Let b(k) = -k**2 - 9*k - 9. Let s(a) = -2*a - 12. Let r be s(-15). Suppose 18*t + r = 15*t. Calculate b(t).
9
Let b(g) be the third derivative of -g**5/60 + 7*g**4/12 + g**3/3 - 49*g**2 - 3. Give b(9).
47
Let h(s) be the first derivative of -s**4 + 15 + s - 1/2*s**2 - 1/3*s**3. Let c = 5 + -4. Calculate h(c).
-5
Let k(l) = 2*l**2 - l. Let a(z) = -z**2 + 13*z - 1. Let h be a(13). Let t be (h/(-1) - -1) + -3. Calculate k(t).
3
Let v(m) be the second derivative of -m**3/6 + 9*m**2/2 + 66*m. Let f = 8 - -1. Let b = f + -4. Give v(b).
4
Suppose 0 = -4*q - q + 70. Suppose -5*f + q = -h - 13, 3*f = h + 15. Suppose -4*l - f = -7*l. Let w(r) = 2*r**3 - 2*r**2 - 2*r. Calculate w(l).
4
Let y(r) = 2144*r - 712*r - 711*r - 717*r - 40. Determine y(11).
4
Let x(d) = -d - 3. Let n(b) = b**3 - 10*b**2 + 26*b - 17. Let i be n(6). Give x(i).
2
Let t = 11 - 9. Suppose -t*h - 7 = 17. Let u = -6 - h. Let x(z) = -z**2 + 6*z - 2. What is x(u)?
-2
Let c(p) = 100*p + 0*p**2 - 6 - 57*p - 46*p - p**2. Suppose 0 = -4*r - 5 - 11, 0 = -4*l + 2*r + 72. Suppose 2*a + l = -2*a. What is c(a)?
-10
Let j(n) = -n + 0 + 2 - 3 + 14*n**2. Let r(q) be the third derivative of q**4/6 - 17*q**3/6 - 14*q**2. Let f be r(4). What is j(f)?
14
Let b = -177 + 172. Let d(z) = 4*z + 2. What is d(b)?
-18
Let o(l) = l**3 + 11*l**2 - 9*l + 9. Let s(f) = -4*f**3 - 33*f**2 + 26*f - 26. Let q(i) = 7*o(i) + 2*s(i). Calculate q(10).
1
Let r be 1/(-1) - (-7)/(28/8). Let t be r - (-1 + 3*1/3). Let q(b) = 17*b - 1. Determine q(t).
16
Let w = -20 - -41. Let c(m) = 7*m**2 - 42*m + w*m + 21*m + 1. Calculate c(1).
8
Let f be (-39)/(-12) + 6/8. Suppose q - 5*r + 45 = -f*q, q + r = -1. Let i(b) = -2*b**2 - 6*b - 2. Calculate i(q).
-22
Suppose -66 + 6 = -3*l. Suppose -l = -5*s, -4*h - s + 22 = -18. Suppose -2*n - h = 1. Let i(o) = -o**3 - 5*o**2 + 2*o + 6. What is i(n)?
-4
Let g(r) = 122*r**2 - 5*r - 123*r**2 - 3*r - 13. Let n be g(-6). Let k(m) = -15*m**2 + 2*m + 1. Determine k(n).
-16
Let w(k) = -5*k**3 - 3*k**2 - 15*k + 6. Suppose -54*v = -52*v - 6. Let y(g) = 2*g**3 + g**2 + 5*g - 2. Let p(u) = v*w(u) + 8*y(u). Determine p(3).
5
Let f be -11 - -2*(-2 - -4). Let p(s) = 2*s. Let q(y) = y. Let g(o) = f*q(o) + 3*p(o). Give g(0).
0
Let r(u) be the second derivative of -1/6*u**3 + 0*u**2 + 0 - 8*u. Calculate r(4).
-4
Let b = -14 + 31. Let k = b + -13. Let c(n) = -5*n - 3 + 2 + k*n + 2*n. Determine c(4).
3
Suppose -4*j = z + 1, 3*j = -0*j - z - 2. Let n(g) = 2*g - 3. Let h(c) = c. 